t is 101000001 - -1100110101110001111100?
1100110101110110111101
In base 5, what is 212113 - 1000?
211113
In base 14, what is -22849c0b - -1?
-22849c0a
In base 13, what is -3b73263 - -1?
-3b73262
In base 4, what is 10232123121 + 11000?
10232200121
In base 14, what is -76b57 + -6?
-76b5d
In base 3, what is 1101012200111 - -1001?
1101012201112
In base 16, what is 92 - -ea6?
f38
In base 5, what is -324113401 - -10?
-324113341
In base 6, what is -12521 - 10125?
-23050
In base 7, what is 504164031 - -36?
504164100
In base 6, what is 0 - 35300240?
-35300240
In base 4, what is -2322331233213 + -10?
-2322331233223
In base 13, what is -6759b0a1 - 5?
-6759b0a6
In base 7, what is -1240 + -11504443?
-11506013
In base 14, what is 3d67a + -63b?
3d03d
In base 6, what is -23400544233 + -4?
-23400544241
In base 15, what is 28ad6 - -73?
28b59
In base 12, what is 1b54 - 889?
1287
In base 4, what is 2 + -123302320131?
-123302320123
In base 4, what is -1031323300 + -13232?
-1032003132
In base 8, what is 262706 - 1055?
261631
In base 15, what is 1925c08e1 - -2?
1925c08e3
In base 12, what is 18 - 98299?
-98281
In base 8, what is -2 + 4342334?
4342332
In base 6, what is 5 - -54050121?
54050130
In base 4, what is 0 - -3033113113?
3033113113
In base 2, what is 100010011111111011 + -1001100010?
100010010110011001
In base 2, what is -1011101101110111 + -1101111?
-1011101111100110
In base 7, what is 2160033 - 133?
2156600
In base 14, what is 1336 - -296?
15cc
In base 9, what is 156321131 + -2?
156321128
In base 8, what is 162434 + -7152?
153262
In base 13, what is -4 + 4a0bcc6?
4a0bcc2
In base 3, what is 22121202202 + -102?
22121202100
In base 2, what is 10110001001011001010001 - 101?
10110001001011001001100
In base 3, what is -1121122200120121102 + -12?
-1121122200120121121
In base 2, what is -10001100000011 + 1000100110?
-10000011011101
In base 3, what is -11222111102 - 200?
-11222112002
In base 14, what is 88 - 62d0?
-6246
In base 3, what is -102101002221101 + -11?
-102101002221112
In base 6, what is -1522540 + 222?
-1522314
In base 16, what is -5963e4 - -1?
-5963e3
In base 6, what is -4 + 1140143?
1140135
In base 10, what is -3 + -148091?
-148094
In base 10, what is 13 + 1383617?
1383630
In base 3, what is 122101202 - -11022002?
210200211
In base 10, what is -14405 - -168?
-14237
In base 2, what is -1000000010 - 111110010111101?
-111111010111111
In base 2, what is 11000111001 + -110010?
11000000111
In base 3, what is 1022112 + 101200012211?
101201112100
In base 11, what is -4 + -60631993?
-60631997
In base 9, what is -2318554 - -1?
-2318553
In base 11, what is 198 - 2050550?
-2050363
In base 15, what is 5 - c6e1e?
-c6e19
In base 16, what is 48a + -215?
275
In base 16, what is ab - 6ae91?
-6ade6
In base 11, what is -348882 + 2?
-348880
In base 5, what is -4 - 22234441324?
-22234441333
In base 11, what is 142891 - 222?
14266a
In base 13, what is -344 + -7275b?
-72aa2
In base 7, what is -25531305152 - -4?
-25531305145
In base 6, what is 401 + -303225?
-302424
In base 15, what is -1ad0581 - 1?
-1ad0582
In base 10, what is -1280 - -109856?
108576
In base 6, what is -4052544 - -35?
-4052505
In base 5, what is 2323332134420 + -10?
2323332134410
In base 9, what is -51647768 + -5?
-51647774
In base 7, what is -11511240310 - -2?
-11511240305
In base 3, what is 2112022120110211 + -111?
2112022120110100
In base 3, what is 0 + 2012021102010?
2012021102010
In base 9, what is 7 + -35872563?
-35872555
In base 6, what is 321105 - 102?
321003
In base 10, what is -287198247 + -2?
-287198249
In base 14, what is -6a + -413d?
-41a9
In base 3, what is 10011021 - -1201101011?
1211112102
In base 14, what is 26b84 - 2a?
26b58
In base 10, what is 1 + 1284415?
1284416
In base 4, what is 2303332112021 + -1?
2303332112020
In base 3, what is -121212 - 201111112022?
-201112011011
In base 13, what is -1 - 22a65b?
-22a65c
In base 10, what is -4606421 + -197?
-4606618
In base 13, what is 592 - 30291?
-2c9cc
In base 13, what is -160 + 317607?
317477
In base 5, what is -100100104 + -123?
-100100232
In base 10, what is -7 + 70368?
70361
In base 3, what is 10210 + 11220002010?
11220012220
In base 5, what is -3 - -4114040042?
4114040034
In base 16, what is -4 - 3968b8?
-3968bc
In base 2, what is -1101001111100101011011011 + -1?
-1101001111100101011011100
In base 7, what is -5 - -464054565?
464054560
In base 3, what is -1000102210002202 - 12?
-1000102210002221
In base 10, what is 114323 + -1047?
113276
In base 12, what is -3194306a - -5?
-31943065
In base 8, what is -47407772 - -131?
-47407641
In base 14, what is -1 - -93a363?
93a362
In base 9, what is -2 - 44043472?
-44043474
In base 12, what is -7660 + 19566?
11b06
In base 6, what is 3 + 131452213?
131452220
In base 11, what is -663 - -5666?
5003
In base 14, what is c5db - 140?
c49b
In base 9, what is -3 - 11600153?
-11600156
In base 2, what is 101 - -111101001110010001111010110?
111101001110010001111011011
In base 3, what is 10200 - 2210220002010?
-2210212221110
In base 15, what is cd6 + 50db?
5dc2
In base 8, what is 5121 - -1305?
6426
In base 6, what is -213335240 + 1?
-213335235
In base 14, what is -5 + -b49796?
-b4979b
In base 2, what is -101011100 - 10100111111101?
-10101101011001
In base 12, what is -3 + 552560?
552559
In base 13, what is 1a26 - 3cc?
1627
In base 15, what is 8c80d - 34?
8c7c9
In base 7, what is -1153643 - 35?
-1154011
In base 11, what is 6 + -2412517?
-2412511
In base 14, what is 6b218 - -26?
6b240
In base 6, what is -2420 + 102012325?
102005505
In base 12, what is 6a8 - 154b2?
-14a06
In base 12, what is 2915b + -74?
290a7
In base 12, what is -5b + 424039?
423b9a
In base 9, what is -11875510 - -8?
-11875501
In base 4, what is 300 - -21331132?
21332032
In base 12, what is 1 - 1188566?
-1188565
In base 16, what is -423b + 1174?
-30c7
In base 5, what is -2311 - -1031310211?
1031302400
In base 7, what is -4 - 6235125?
-6235132
In base 7, what is -1445 - 6514?
-11262
In base 4, what is 313002213 - 1122?
313001031
In base 15, what is -265d762c + 1?
-265d762b
In base 6, what is -230001255 - 4?
-230001303
In base 14, what is 274624 - -454?
274a78
In base 15, what is -16 + -be743?
-be759
In base 3, what is -1 - -2212201021221012?
2212201021221011
In base 15, what is 18700 - -1d?
1871d
In base 16, what is -fabcf - 1?
-fabd0
In base 16, what is -3 - -7c32e4?
7c32e1
In base 6, what is 1244434 + 212?
1245050
In base 9, what is 320614 + -550?
320054
In base 9, what is 1548 - 164748?
-163200
In base 6, what is 12123 - 1242305?
-1230142
In base 7, what is 10142 - -143431?
153603
In base 14, what is 11 + -644672a?
-6446719
In base 10, what is -1525 + 77250?
75725
In base 16, what is 2bc + 15da8c?
15dd48
In base 2, what is 110000000101000100110 + 100111?
110000000101001001101
In base 15, what is 26a2a - -3d?
26a68
In base 7, what is 106 - 365363?
-365254
In base 15, what is 29d - -2674?
2922
In base 12, what is a + 9a6b97?
9a6ba5
In base 8, what is 0 + -1005364203?
-1005364203
In base 10, what is -162869 + -658?
-163527
In base 3, what is -1 + -101100001220201?
-101100001220202
In base 10, what is 180293 + 36?
180329
In base 15, what is -17d416 + -55?
-17d46b
In base 5, what is 2434 + -1030042?
-1022103
In base 6, what is -135330224 - -1014?
-135325210
In base 12, what is 5 + 4b26488?
4b26491
In base 5, what is 102114103 + -24?
102114024
In base 11, what is -766011 + -4?
-766015
In base 7, what is -300036 + -15622?
-315661
In base 14, what is -5 + 73717a?
737175
In base 8, what is 1 - -1402150674?
1402150675
In base 5, what is 232304113 + -211?
232303402
In base 8, what is -20222722 - 467?
-20223411
In base 15, what is 22 - 6a50a0?
-6a507d
In base 5, what is -12400423 - -42042?
-12303331
In base 11, what is -2 + -1a61028a4?
-1a61028a6
In base 16, what is 3 + -451e63b?
-451e638
In base 10, what is 5920 + 35023?
40943
In base 16, what is -107 + 15ff02?
15fdfb
In base 8, what is -3 - -212425253?
212425250
In base 12, what is 1 - -480b46?
480b47
In base 6, what is -130 + -353243234?
-353243404
In base 3, what is -222000020210 - 120?
-222000021100
In base 15, what is 16096d8 - 3?
16096d5
In base 14, what is 42bc8 - b?
42bbb
In base 4, what is -1103033001210 + -123?
-1103033001333
In base 7, what is 6001 - 66455?
-60454
In base 6, what is -3052 - 1340?